 j be ((-2)/2 - 5)*(-42 - 360). Suppose 88*r - 82*r - j = 0. What is the hundreds digit of r?
4
Suppose -508*l = 5*b - 505*l - 354600, b + l = 70918. What is the tens digit of b?
2
Suppose 6*s = 4*s + 904. Suppose -2*b + 2208 = 5*y, -y - b + s = 2*b. Let t = 652 - y. What is the hundreds digit of t?
2
Suppose 141*s = 1505659 + 1589855. What is the tens digit of s?
5
Suppose 5*p = -2*l + 287620, 4*p - 3*l + 14214 = 244287. What is the units digit of p?
2
Let z(f) = 45*f**2 - 43*f + 712. What is the ten thousands digit of z(-31)?
4
Let p be ((-150)/(-12))/(-5)*-26. Suppose 2273 = 7*r - p. What is the hundreds digit of r?
3
Suppose -2*b + 23915 = 3*u, 2*u - 13*b - 15948 = -12*b. Suppose 23*g - 6*g - u = 0. What is the units digit of g?
9
Let n(r) be the first derivative of -7*r**3/3 + 3*r**2/2 - 27. Let f be n(1). What is the tens digit of 56 + f/(-2)*-2?
5
Let h(o) = 132*o**3 - 12*o**2 + 9*o. What is the hundreds digit of h(2)?
0
Let v = 16 - 17. Suppose -27 = -5*f - 2*m, 27*f - 44 = 23*f + 4*m. What is the hundreds digit of (0 + 0 + v)*(f + -134)?
1
Let q = 7 - 5. Suppose 5*a - 18 = 6*b - 4*b, 4*b = -3*a + 16. Suppose -x + 2*x - 147 = -q*j, a*j + 3*x = 297. What is the units digit of j?
2
Let f(y) = 2*y**3 - 2*y**2 - 7*y - 11. Let a be f(-5). Let i = 231 - a. What is the hundreds digit of i?
5
What is the thousands digit of -3*(-4)/(-138) + (-14708400)/(-966)?
5
Suppose 3*z = 8*z + 5*c - 16085, 3*z - 9666 = -6*c. What is the units digit of z?
2
Let y(q) = 4*q**2 - 26*q + 79. Let a = -48 + 62. What is the units digit of y(a)?
9
Let a = 45583 + -28407. What is the tens digit of a?
7
Let b be 233/2*(-144)/8. What is the hundreds digit of (4/(-3))/(6297/b - -3)?
4
Let v(l) = 2443*l + 4878. What is the thousands digit of v(18)?
8
Let z = 1364 + 1836. What is the units digit of z?
0
What is the ten thousands digit of 16/40 - 46*(-12536)/10?
5
Let y be 185/(-3) + (-4)/(-6). Let w = 111 - y. Suppose 15*p = 19*p - w. What is the tens digit of p?
4
Suppose 3*p = 2*p + 3. Let z be (110 - 6) + (0 - p). Suppose 0 = -7*g - z + 787. What is the units digit of g?
8
Let s be (-66)/(-10) - 36/(-90). Suppose 450 = s*x - 6*x. Suppose 0 = -2*d - 7*d + x. What is the tens digit of d?
5
Suppose -9*r = -0*r - 6*r. Suppose r = -5*a - 5*a + 1940. What is the hundreds digit of a?
1
Suppose -18*w + 16*w = 0. Suppose 0*g + 2*g - h - 1351 = 0, w = 2*g - 3*h - 1357. What is the hundreds digit of g?
6
Suppose -11 = i - 5*h, -h = -i - 2*h - 5. Let a(b) = -3*b**3 + 8*b**2 + 9*b - 11. What is the tens digit of a(i)?
7
Let k(r) = -r**2 - 20*r - 13. Let w be k(-19). Let l(j) = -3*j + 24. Let h be l(w). What is the tens digit of 588/h - (0 + 4/2)?
9
Let n(v) = -7*v**3 - 22*v**2 - 18*v - 97. Let x(h) = 3*h**3 + 11*h**2 + 9*h + 48. Let t(r) = -4*n(r) - 9*x(r). What is the tens digit of t(13)?
7
Suppose 17 = -2*d - 3*i, 2*d + 4*i = -27 + 7. What is the units digit of (24/(-5))/d*185/74?
3
Let r = 42 + -37. Let g(f) = f**2 - 4*f. Let h be g(r). Suppose -3*s = -4*y + s + 172, h*y - 215 = 2*s. What is the units digit of y?
3
Let o = 13010 - 3568. What is the hundreds digit of o?
4
Suppose 155*c - 58278 = 144*c. Let b = c + -3775. What is the thousands digit of b?
1
Suppose -5*p = m + 18, 0 = 15*p - 19*p - m - 14. What is the hundreds digit of (0 + (-911)/p)*(-1 - -5)?
9
Suppose 7*f + 87829 - 6478 = q, -4*q + 325596 = 4*f. What is the units digit of q?
3
Let i = -424 + 479. Let x = 654 + i. What is the units digit of x?
9
Let h = 11408 - 7420. What is the thousands digit of h?
3
Let q = 1311 + -1171. Let k = 318 + -180. Let g = q - k. What is the units digit of g?
2
What is the tens digit of 4/(-3) - -2 - (309350272/96)/(-44)?
3
Let w(a) = -3*a - 10. Let t be w(-4). Suppose 438 = 3*i + t*u + u, u + 138 = i. Let d = i + -99. What is the units digit of d?
3
Let l = 62 + -44. Let o(j) be the third derivative of -j**5/60 + 5*j**4/6 - 11*j**3/6 - 84*j**2. What is the tens digit of o(l)?
2
Suppose 0 = -4*p - 5*t + 127, 0 = p - t + 6*t - 28. Suppose 3036 = 45*o - p*o. What is the hundreds digit of o?
2
Let a(h) = -118*h - 3. Let n be a(-2). Let q(t) = t**3 + 2*t - n - 3*t**2 + t + 229. What is the units digit of q(4)?
4
Let x(h) be the third derivative of 77*h**4/24 - 10*h**3 + 2*h**2 + 19*h. What is the tens digit of x(7)?
7
Suppose 5*s = -4*y + 13849, 0 = -2*s - 5*y - 1683 + 7209. What is the hundreds digit of s?
7
Let r = 3 + -9. Let d(z) = -2*z - 10. Let a be d(r). Suppose 0 = -3*c + 3*b + a*b + 177, 2*c - 4*b = 116. What is the tens digit of c?
6
Let v be 5 - (-145 + 3) - -4. Suppose s - 91 = -k + 51, 0 = k - 2*s - v. What is the hundreds digit of k?
1
Let j(r) = -r**2 + 9*r - 6. Let v be j(8). Suppose -v*t - 3*t = -5*q - 250, -3*q = -4*t + 200. Suppose -t = 3*h - 8*h. What is the units digit of h?
0
Let a be -577 + (1 + -4)/(-3). Let u = 852 + a. What is the tens digit of u?
7
Let u = 1544 - -10623. What is the units digit of u?
7
What is the thousands digit of -1 + (-9 - (-102)/12) + 40965/6?
6
What is the thousands digit of 12 + 20/(-35)*-12607?
7
Let n(q) = -q**3 - 3*q**2 - q + 2. Let i be n(-3). Let b be (49/7)/(-14) - (-727)/2. Suppose 1543 = i*x + b. What is the units digit of x?
6
Let y(k) = 38*k + 120. Let s(z) = -77*z - 242. Let i(u) = -4*s(u) - 9*y(u). What is the units digit of i(-14)?
4
What is the tens digit of (-6 + 1)*2073148/(-770)?
6
Let p(n) = 3*n**2 - 11*n - 35. Let l be p(-6). Suppose 92*k - l = 91*k. What is the units digit of k?
9
Let h(x) = -2*x**2 + 12*x - 13. Let v be h(12). Let d = -438 - -684. Let f = v + d. What is the tens digit of f?
8
Suppose -24 = -5*u + o, 0 = -3*u - 3*o - 2*o - 8. Let c(l) = -u*l + 14*l + 2*l. What is the tens digit of c(5)?
6
Let u = -66014 + 153252. What is the thousands digit of u?
7
Let o = -49 + 27. Let u be 22/o - (1 - 5). Suppose -3*f + 58 = -x, u = 3*x - 3. What is the tens digit of f?
2
Let t(b) = 2*b**3 - 13*b**2 + 6*b + 17740. What is the thousands digit of t(0)?
7
Let c = 7 + 21. Let v(s) = -58*s + c*s - 37 + 28*s. What is the units digit of v(-21)?
5
Suppose -792 = 14*g - 3*g. Let m = -70 - g. Suppose -9*r = -m*r - 189. What is the tens digit of r?
2
Let t = 39 - 35. Let h(x) = x**3 + 17*x**2 + 17*x + 20. Let s be h(-16). Suppose -104 = -4*j - t*z, s*z = j - 3 - 3. What is the tens digit of j?
2
Let a(u) = 36*u**2 + 5*u + 8. Let n be a(-5). Suppose -n = -3*v + 368. What is the tens digit of v?
1
Let n be (-4)/(-3 + 25/8). Let g = -34 - n. What is the tens digit of ((-315)/(-25))/(g/(-10)) + 2?
6
Let s(p) be the third derivative of 5*p**4/8 - 157*p**3/6 + 29*p**2. What is the units digit of s(16)?
3
Suppose 124*a - 904615 - 626949 = 497448. What is the tens digit of a?
6
Let g(p) = 2*p**2 + 19*p + 12. Let z be g(-11). Suppose -4*u = c - 45, -4*u = -3*c - z - 12. What is the units digit of u?
2
Suppose 2*d = -3*h + 111, 2*d = -40*h + 38*h + 76. Suppose 0 = -51*p + h*p + 6992. What is the hundreds digit of p?
4
Let p(c) = c**2 + c + 1. Let l(h) = -27*h**2 + h - 30. Let w(v) = -l(v) - 3*p(v). What is the hundreds digit of w(4)?
3
Suppose 5*z + 5490 = 2*u, -2*z + 12 = 4. Suppose -k = -5*m + 4630, -m + 4*m = -4*k + u. What is the units digit of m?
5
Suppose 34*b - 406297 - 150599 = -14*b. What is the hundreds digit of b?
6
Let p(m) = -m. Let b(l) = 3*l - 1. Let w(g) = b(g) + 2*p(g). Let d be w(4). Let z(x) = 9*x**2 - 2*x + 1. What is the tens digit of z(d)?
7
Suppose 2*w - 10*w + 2960 = 0. What is the tens digit of 4/6*111/w*4835?
6
Suppose 0*o = 6*o + 54. Let t be 0/((o + 10)/(1/(-2))). Suppose t = 4*y - 5*y + 80. What is the tens digit of y?
8
Let x = -81 + 86. Suppose 68 = -x*r + 973. What is the units digit of -2 + (1 - 0)*r?
9
What is the thousands digit of 372/310 + 131248/10?
3
What is the thousands digit of ((-7536)/(-314))/((-2)/(-828))?
9
Let q(c) = 2*c**2 - 41. Let d(y) = -y**2 - 1. Let x(n) = d(n) + q(n). Let t = -1243 + 1257. What is the units digit of x(t)?
4
Let b(w) = w**3 - 16*w**2 + 12*w - 5. Suppose -40*k + 30 = -38*k. Let m be b(k). Let j = m - -100. What is the units digit of j?
0
What is the units digit of ((207 + 5)*(-15)/20)/((-6)/486)?
9
Let f = -2403 - -2371. Suppose 3*z + 2*z = 15, 4*q - 4*z + 8 = 0. What is the units digit of f - -28 - ((-1)/q + -284)?
1
Suppose -29091 = -60*z - 1431. Let f be -266 +